 the hundreds digit of 2217945?
9
What is the millions digit of 7446512?
7
What is the millions digit of 1914300?
1
What is the ten thousands digit of 4497622?
9
What is the hundreds digit of 618499?
4
What is the units digit of 9548651?
1
What is the ten thousands digit of 971126?
7
What is the thousands digit of 235448?
5
What is the millions digit of 3747963?
3
What is the thousands digit of 7973740?
3
What is the hundreds digit of 332257?
2
What is the thousands digit of 111649?
1
What is the millions digit of 5351215?
5
What is the hundred thousands digit of 348489?
3
What is the ten thousands digit of 634498?
3
What is the units digit of 34989?
9
What is the units digit of 1065858?
8
What is the hundred thousands digit of 774839?
7
What is the hundred thousands digit of 176250?
1
What is the hundreds digit of 589556?
5
What is the millions digit of 1318428?
1
What is the hundreds digit of 2554187?
1
What is the thousands digit of 1642535?
2
What is the hundreds digit of 1753769?
7
What is the tens digit of 167169?
6
What is the millions digit of 2609477?
2
What is the hundreds digit of 104010?
0
What is the ten thousands digit of 262797?
6
What is the ten thousands digit of 78272?
7
What is the units digit of 1007237?
7
What is the tens digit of 2957235?
3
What is the units digit of 178202?
2
What is the ten thousands digit of 832335?
3
What is the ten thousands digit of 5582863?
8
What is the units digit of 2052474?
4
What is the hundreds digit of 1435411?
4
What is the millions digit of 16823080?
6
What is the ten thousands digit of 4284882?
8
What is the ten thousands digit of 4238734?
3
What is the hundreds digit of 16760559?
5
What is the hundreds digit of 68080?
0
What is the tens digit of 3740345?
4
What is the hundreds digit of 142367?
3
What is the hundred thousands digit of 9394964?
3
What is the units digit of 885287?
7
What is the hundreds digit of 4145431?
4
What is the hundred thousands digit of 1271446?
2
What is the ten millions digit of 15713936?
1
What is the ten thousands digit of 74828?
7
What is the thousands digit of 550544?
0
What is the hundreds digit of 565299?
2
What is the ten thousands digit of 460972?
6
What is the tens digit of 17990904?
0
What is the thousands digit of 101524?
1
What is the ten millions digit of 12802739?
1
What is the hundreds digit of 130443?
4
What is the millions digit of 2092751?
2
What is the thousands digit of 1213370?
3
What is the hundreds digit of 396777?
7
What is the tens digit of 1291697?
9
What is the units digit of 84647?
7
What is the hundreds digit of 7062705?
7
What is the hundred thousands digit of 21636867?
6
What is the ten thousands digit of 64220?
6
What is the thousands digit of 121987?
1
What is the thousands digit of 243260?
3
What is the hundreds digit of 364737?
7
What is the ten thousands digit of 265487?
6
What is the ten thousands digit of 916108?
1
What is the units digit of 4479463?
3
What is the tens digit of 549733?
3
What is the units digit of 29711449?
9
What is the tens digit of 22751153?
5
What is the tens digit of 521065?
6
What is the tens digit of 3718699?
9
What is the thousands digit of 225226?
5
What is the hundred thousands digit of 4878729?
8
What is the ten thousands digit of 1021176?
2
What is the hundred thousands digit of 2218310?
2
What is the hundred thousands digit of 23629821?
6
What is the hundred thousands digit of 192441?
1
What is the hundreds digit of 760456?
4
What is the hundred thousands digit of 318526?
3
What is the thousands digit of 217515?
7
What is the units digit of 1051453?
3
What is the ten thousands digit of 3738805?
3
What is the millions digit of 3929907?
3
What is the ten millions digit of 12083930?
1
What is the hundred thousands digit of 6533477?
5
What is the ten thousands digit of 10342596?
4
What is the thousands digit of 146121?
6
What is the thousands digit of 30024146?
4
What is the tens digit of 177431?
3
What is the hundreds digit of 1031570?
5
What is the thousands digit of 476061?
6
What is the thousands digit of 70005?
0
What is the hundreds digit of 691183?
1
What is the tens digit of 15023427?
2
What is the tens digit of 2725521?
2
What is the ten thousands digit of 626088?
2
What is the hundred thousands digit of 218185?
2
What is the thousands digit of 74635?
4
What is the thousands digit of 566497?
6
What is the hundred thousands digit of 1328730?
3
What is the thousands digit of 1103561?
3
What is the units digit of 184493?
3
What is the units digit of 149595?
5
What is the tens digit of 3637686?
8
What is the thousands digit of 209742?
9
What is the hundreds digit of 89144?
1
What is the thousands digit of 7952780?
2
What is the hundreds digit of 2516961?
9
What is the hundreds digit of 457537?
5
What is the hundred thousands digit of 1660534?
6
What is the millions digit of 7905018?
7
What is the hundred thousands digit of 345192?
3
What is the hundred thousands digit of 496489?
4
What is the ten thousands digit of 422975?
2
What is the units digit of 125163?
3
What is the thousands digit of 1777599?
7
What is the units digit of 1163263?
3
What is the thousands digit of 137196?
7
What is the ten thousands digit of 282265?
8
What is the units digit of 138202?
2
What is the thousands digit of 2200909?
0
What is the thousands digit of 114864?
4
What is the thousands digit of 655761?
5
What is the units digit of 282323?
3
What is the ten thousands digit of 1651893?
5
What is the thousands digit of 654482?
4
What is the thousands digit of 8688318?
8
What is the ten thousands digit of 2465002?
6
What is the hundred thousands digit of 7143082?
1
What is the tens digit of 325806?
0
What is the thousands digit of 2734332?
4
What is the thousands digit of 133980?
3
What is the tens digit of 409908?
0
What is the hundreds digit of 386564?
5
What is the hundreds digit of 1459763?
7
What is the thousands digit of 12087707?
7
What is the hundred thousands digit of 6325748?
3
What is the tens digit of 566838?
3
What is the units digit of 23675?
5
What is the ten thousands digit of 18436?
1
What is the hundreds digit of 1707544?
5
What is the hundred thousands digit of 451799?
4
What is the millions digit of 31569337?
1
What is the units digit of 211119?
9
What is the ten thousands digit of 263464?
6
What is the hundreds digit of 1611359?
3
What is the hundreds digit of 880859?
8
What is the hundreds digit of 93590?
5
What is the hundreds digit of 222008?
0
What is the hundred thousands digit of 514074?
5
What is the millions digit of 11002247?
1
What is the millions digit of 7914395?
7
What is the hundred thousands digit of 222453?
2
What is the hundreds digit of 5552200?
2
What is the units digit of 7782503?
3
What is the units digit of 1564662?
2
What is the millions digit of 5639262?
5
What is the tens digit of 4940954?
5
What is the hundred thousands digit of 639105?
6
What is the hundred thousands digit of 7627870?
6
What is the thousands digit of 10196373?
6
What is the ten thousands digit of 6094127?
9
What is the hundreds digit of 1308712?
7
What is the tens digit of 339812?
1
What is the ten thousands digit of 7114743?
1
What is the units digit of 1142894?
4
What is the units digit of 2197436?
6
What is the tens digit of 2086358?
5
What is the tens digit of 1028128?
2
What is the ten thousands digit of 16649806?
4
What is the ten thousands digit of 34916016?
1
What is the thousands digit of 1279314?
9
What is the hundred thousands digit of 2855636?
8
What is the ten thousands digit of 191965?
9
What is the thousands digit of 15814?
5
What is the thousands digit of 4736239?
6
What is the tens digit of 25105?
0
What is the tens digit of 93676?
7
What is the ten thousands digit of 195290?
9
What is the tens digit of 4625757?
5
What is the units digit of 469905?
5
What is the hundred thousands digit of 3833600?
8
What is the hundreds digit of 221524?
5
What is the hundred thousands digit of 1297544?
2
What is the thousands digit of 785625?
5
What is the ten millions digit of 12817858?
1
What is the millions digit of 27818647?
7
What is the tens digit of 475995?
9
What is the tens digit of 273363?
6
What is the ten thousands digit of 519875?
1
What is the hundreds digit of 728876?
8
What is the units 